tive of 0*f + 10 + 1/2*f**2 - 1/4*f**4 + 5*f**3. Let v be k(15). What is the greatest common divisor of 120 and v?
15
Suppose 603 = 8*m - 2445. Let l = -158 + m. Suppose 4*w - 17 = l. What is the greatest common factor of w and 15?
15
Let s = -89 + 241. Suppose g - 5*g = -s. Suppose 2*v + 4*z + 0 = 34, -4*v + g = 2*z. Calculate the greatest common divisor of 35 and v.
7
Let m = -3283 - -4150. Calculate the highest common factor of 51 and m.
51
Suppose -8 = a + 3*a. Let k be (a - -19) + (-2)/(-2). Let h(u) = u**3 + u + 18. Let m be h(0). Calculate the highest common factor of k and m.
18
Let o = -3178 - -3604. Calculate the greatest common divisor of 71 and o.
71
Suppose 6*w + 352 = 218 + 1730. Let l be (2 + (-36)/15)*-70. What is the highest common factor of l and w?
14
Let u be (-6)/(-10) + (-1376)/(-40). Suppose -b + u = 4*i, -i + 1 = -2*i. Let s = -21 + b. Calculate the highest common divisor of s and 18.
18
Let a be 3672/40 - 25 - (-4)/(-5). What is the highest common divisor of a and 3462?
6
Suppose 16*l - 28 = 17*l - 460. What is the greatest common divisor of 30 and l?
6
Suppose 4*o - 603 = -b, -3*o = 2*b - 276 - 170. Suppose 14*r = 8*r + 24. Let v be (-74)/(-4) + 2/r. Calculate the greatest common factor of v and o.
19
Suppose 4*k + 111*g - 112*g = 31261, -4*k = -2*g - 31258. What is the greatest common divisor of 8 and k?
8
Let h be -21*(-1)/6*1968/28. Let n = h + -225. Calculate the highest common divisor of 336 and n.
21
Let l = -7689 - -7814. What is the highest common divisor of l and 500?
125
Let y = 55 + -50. Suppose y*d + 318 = 8*d. Let t = d + -22. Calculate the greatest common divisor of 28 and t.
28
Let z(w) = -7*w + 31. Let k be z(-7). Let p = 122 - k. Suppose -p = 9*v - 762. What is the greatest common divisor of 8 and v?
8
Let h be 3 - (-95)/(-30) - (-1018)/(-12). Let g = 99 + h. Let n(i) = -i**2 - 13*i + 6. Let m be n(-11). What is the highest common factor of g and m?
14
Let r = -66781 + 66792. Suppose 2*x - 122 = 164. Calculate the highest common divisor of x and r.
11
Suppose 69*f - 24108 = -95*f. Calculate the greatest common factor of f and 833.
49
Let f = -44 - -16. Let p = -12 - f. Suppose 5*v = 13*t - 10*t - 6, -5*v = -30. What is the highest common factor of p and t?
4
Suppose -8*s = -4132 + 1036. Calculate the highest common factor of s and 172.
43
Let v(b) = b**3 + 16*b**2 + 34*b - 52. Let l be v(-12). Calculate the greatest common factor of l and 841.
29
Suppose -592710 = 8*c - 123*c. Calculate the greatest common divisor of c and 6.
6
Let d = 18137 - 17989. What is the highest common divisor of d and 128?
4
Let k(q) = -145*q + 1950. Let w be k(0). What is the greatest common factor of w and 130?
130
Let b be -495*(3 - 5 - 12/(-12)). What is the highest common divisor of 110 and b?
55
Let c be 3/(-5 - -2) - 9*-29. Let i = -220 + c. What is the greatest common divisor of i and 5?
5
Suppose 19*i - 14*i - 22 = -z, 0 = -3*i - z + 12. Suppose 3*a + 228 = -j + i*j, 124 = 2*j - 4*a. Calculate the greatest common divisor of 360 and j.
18
Let w = -14 + 35. Let z be 4 - (4/(-3) - 21918/18). Suppose 0 = 21*v + 341 - z. Calculate the highest common divisor of w and v.
21
Let g(m) = m**2 - 8*m + 10. Let j be (-33)/(-66)*(1*11 - 1). Let r be g(j). Let o be (r/(-20) - 5/(-4))*32. Calculate the highest common factor of o and 16.
16
Let x(b) = 168*b**2 - 15*b + 8. Let t be x(1). What is the highest common divisor of t and 10787?
161
Let l be ((-12)/5)/((-4)/10) - 1. Suppose -l*j - 4*q = 19, q = 5*j - 2*q + 12. Let s be 0/j + (-120)/(-1*3). Calculate the highest common factor of 16 and s.
8
Let s be 2/(22/(-11))*-629. Calculate the highest common divisor of s and 111.
37
Let t be (0 - 18/24) + 6/8. Suppose -12*g + 9*g + 270 = t. What is the highest common divisor of g and 20?
10
Suppose 15960*n + 82307 + 10863 = 15974*n. What is the greatest common divisor of n and 165?
55
Let d(w) = 12451*w**2 + 270*w + 5. Let c be d(-2). Calculate the highest common divisor of c and 33.
33
Let s = 441 - 5. Let z = s - 358. What is the greatest common factor of z and 104?
26
Let i(n) = -n**3 + 87*n**2 + 51*n + 438. Let b be i(87). Calculate the highest common divisor of b and 78.
39
Let f(z) = 4*z**2 + 36*z + 560. Let q be f(-55). What is the highest common divisor of q and 40?
40
Suppose 5*b - 295*j - 5087 = -293*j, -5093 = -5*b + 3*j. Calculate the highest common factor of 116 and b.
29
Let c(y) be the third derivative of y**6/120 + 23*y**5/60 + y**4/2 + y**3/6 - 127*y**2. Let t be c(-22). What is the greatest common factor of 13 and t?
13
Suppose -v - 134*s = -131*s - 105, 380 = 4*v + 2*s. Calculate the highest common factor of v and 1271.
31
Let a = 70 + -131. Let g = -27 - a. Suppose 38 = 2*f - g. Calculate the highest common factor of 24 and f.
12
Let u(m) = 71*m**2 - 19*m - 7. Let n be u(-2). What is the greatest common factor of n and 18?
9
Suppose -c = 3*d + c - 74, 4*d - c = 95. Suppose -3*t + 6 = -3. Suppose 20 = t*x - 4. What is the highest common divisor of d and x?
8
Let l = -118 + 128. Let k = 9 + -4. Suppose 4*b + 396 = k*x, 2*b = x - 0*b - 78. What is the greatest common divisor of l and x?
10
Let l = -183 - -187. Suppose -4*h + 577 = -l*i - 131, 5*h = -3*i + 885. What is the greatest common factor of h and 236?
59
Let f be (-101457)/(-63) - 9/21. Suppose -18*q = -4*q - f. What is the greatest common factor of q and 92?
23
Let y = 18632 + -16190. What is the greatest common divisor of y and 5550?
222
Let g = -32719 + 35779. Calculate the highest common divisor of 544 and g.
68
Suppose 20*i - 17*i = -v + 311, -5*v = -i + 109. Let j(h) = 6*h**2 - 3*h + 4. Let n be j(8). What is the highest common factor of n and i?
52
Let r(v) = v**3 - 22*v**2 + 121*v - 43. Let z be r(13). Calculate the highest common factor of 381 and z.
3
Suppose -5*d + 10 = -6*d - 4*y, 46 = 5*d - 4*y. Suppose -4*m = 3*r - 645, -3*r + d*r - 645 = m. What is the greatest common divisor of r and 43?
43
Let t be 7*(-23)/((39/(-6))/13). Calculate the highest common divisor of 368 and t.
46
Let v(w) = 12*w + 48. Let j be v(-4). Suppose -u = p - 13, u = -4*p - j - 2. Calculate the highest common factor of u and 30.
6
Let k(p) = -p**3 + 68*p**2 + 32*p - 1249. Let f be k(68). What is the greatest common divisor of 27 and f?
9
Let t be 2/10*-1 - 93/(-15). Let a be 9 + 24/(-8) + 63. What is the greatest common factor of a and t?
3
Let j be (-840)/((-14)/2) - (0 - -1). Let a = j + -99. What is the greatest common divisor of 12 and a?
4
Let p = 5 - 3. Let j = -344 + 401. Let a = 75 - j. What is the greatest common divisor of p and a?
2
Let s(h) = -h**2 + 29*h - 23. Let z be s(27). What is the highest common divisor of 403 and z?
31
Suppose 3*i = 3*w - 2*i - 83, 0 = -3*w + 2*i + 89. Let r = -22 + w. Suppose 2*h - 5*u = r, 1 + 2 = -3*u. Calculate the highest common factor of h and 16.
2
Suppose 10*t + 8 = 18. Let f(a) = 49*a**2 + 2*a - 1. Let i be f(t). What is the greatest common factor of 350 and i?
50
Suppose 7*r = 3*r + 1260. Suppose -158 - 130 = -4*i. Let l = i + -37. Calculate the highest common factor of l and r.
35
Suppose -48*z = 16450 - 42562. What is the highest common factor of 23664 and z?
272
Suppose -3*k = -4*s - 112 + 11, k - 2*s - 37 = 0. What is the greatest common factor of k and 261?
9
Suppose -226 = -2*t - 68. Let n = t - 29. Let b be (1 + -22)*(n/(-6))/5. Calculate the greatest common factor of b and 5.
5
Suppose 3*k - 102 = 5*k. Let d = -53 - k. Let q be (240/(-18) + d)/((-4)/6). What is the greatest common factor of q and 23?
23
Let r(t) = 3*t**2 + 31*t + 50. Let s be r(-21). Calculate the greatest common divisor of 76 and s.
38
Suppose -4*v = -7*v + 18. Suppose 4*n - 5*s - 20 = 18, -26 = -2*n - s. Suppose -300 = -n*b + 2*b. What is the highest common factor of v and b?
6
Let o = 932 + -1107. Let q = o + 612. What is the highest common factor of q and 19?
19
Let l(a) = -13*a**3 - a**2 + 163*a + 165. Let m be l(-1). Let q(h) = 2*h. Let j be q(-3). Let w = j - -20. Calculate the greatest common factor of m and w.
14
Let i be (-43)/(-5) + 0 + (-172)/(-430). Calculate the highest common factor of i and 792.
9
Suppose -4*h - h + 70 = 0. Let a = 10 + h. Let y = 8378 - 8375. What is the highest common divisor of a and y?
3
Let o be 6/(((-45)/10)/3). L